{"id":2,"date":"2021-12-27T09:29:25","date_gmt":"2021-12-27T09:29:25","guid":{"rendered":"http:\/\/www.elifkartal.com\/?page_id=2"},"modified":"2026-04-11T18:52:36","modified_gmt":"2026-04-11T18:52:36","slug":"kisa-ozgecmis","status":"publish","type":"page","link":"https:\/\/www.elifkartal.com\/index.php\/kisa-ozgecmis\/","title":{"rendered":"K\u0131sa \u00d6zge\u00e7mi\u015f"},"content":{"rendered":"<div class=\"wp-block-image is-style-default\">\n<figure class=\"aligncenter size-medium\"><img loading=\"lazy\" decoding=\"async\" width=\"300\" height=\"300\" src=\"https:\/\/www.elifkartal.com\/wp-content\/uploads\/2021\/12\/cropped-elifk_k-1-300x300.png\" alt=\"\" class=\"wp-image-11\" srcset=\"https:\/\/www.elifkartal.com\/wp-content\/uploads\/2021\/12\/cropped-elifk_k-1-300x300.png 300w, https:\/\/www.elifkartal.com\/wp-content\/uploads\/2021\/12\/cropped-elifk_k-1-150x150.png 150w, https:\/\/www.elifkartal.com\/wp-content\/uploads\/2021\/12\/cropped-elifk_k-1-270x270.png 270w, https:\/\/www.elifkartal.com\/wp-content\/uploads\/2021\/12\/cropped-elifk_k-1-192x192.png 192w, https:\/\/www.elifkartal.com\/wp-content\/uploads\/2021\/12\/cropped-elifk_k-1-180x180.png 180w, https:\/\/www.elifkartal.com\/wp-content\/uploads\/2021\/12\/cropped-elifk_k-1-32x32.png 32w, https:\/\/www.elifkartal.com\/wp-content\/uploads\/2021\/12\/cropped-elifk_k-1.png 512w\" sizes=\"auto, (max-width: 300px) 100vw, 300px\" \/><\/figure>\n<\/div>\n\n\n<p><strong>Do\u00e7. Dr. Elif KARTAL<\/strong>, 2008 y\u0131l\u0131nda lisans \u00f6\u011frenimini \u0130stanbul \u00dcniversitesi (\u0130\u00dc) Fen Fak\u00fcltesi Matematik B\u00f6l\u00fcm\u00fc\u2018nde tamamlam\u0131\u015ft\u0131r. Lisans e\u011fitiminin ard\u0131ndan ayn\u0131 y\u0131l \u0130\u00dc Enformatik B\u00f6l\u00fcm\u00fc\u2019nde y\u00fcksek lisansa ba\u015flam\u0131\u015f ve yine ayn\u0131 b\u00f6l\u00fcme Ara\u015ft\u0131rma G\u00f6revlisi olarak kabul edilmi\u015ftir. \u0130\u00dc Enformatik B\u00f6l\u00fcm\u00fc\u2018nde, 2011 y\u0131l\u0131nda \u201c<em><a href=\"https:\/\/tez.yok.gov.tr\/UlusalTezMerkezi\/TezGoster?key=EEdeQgIdFRxX5NbvVau-AnupBUkeY4uCPv4iLmTPyPh5H-BYb1dpdnvzx3QARrJS\" target=\"_blank\" rel=\"noreferrer noopener\">Yapay Sinir A\u011flar\u0131 ile Yaz\u0131l\u0131m Projesi Maliyet Tahmini<\/a><\/em>\u201d adl\u0131 teziyle y\u00fcksek lisans\u0131n\u0131, 2015 y\u0131l\u0131nda, \u201c<em><a href=\"https:\/\/tez.yok.gov.tr\/UlusalTezMerkezi\/TezGoster?key=WBc656i315e2eV6-EZV1orGv4d0R667OS4Q3LRwkFCvRT0PiWZE9wLHP1PcJmuYj\" target=\"_blank\" rel=\"noreferrer noopener\">S\u0131n\u0131fland\u0131rmaya Dayal\u0131 Makine \u00d6\u011frenmesi Teknikleri ve Kardiyolojik Risk De\u011ferlendirmesine \u0130li\u015fkin Bir Uygulama<\/a><\/em>\u201d adl\u0131 teziyle doktoras\u0131n\u0131 tamamlam\u0131\u015ft\u0131r.<\/p>\n\n\n\n<p>2013 y\u0131l\u0131nda 2 ay s\u00fcreli\u011fine\u00a0Ball State University, Miller College of Business, Information Systems and Operations Management (IN, USA) b\u00f6l\u00fcm\u00fcnde\u00a0ziyaret\u00e7i ara\u015ft\u0131rmac\u0131 olarak bulunmu\u015ftur.\u00a0A\u011fustos 2019 &#8211; Mart 2020 aras\u0131nda\u00a0University of Miami, College of Arts and Sciences, Department of Computer Science (FL, USA)\u00a0<a href=\"https:\/\/www.odeliaschwartz.com\/team\" target=\"_blank\" rel=\"noreferrer noopener\">ziyaret\u00e7i ara\u015ft\u0131rmac\u0131<\/a> olarak bulunmu\u015f, Do\u00e7.\u00a0Dr.\u00a0Odelia Schwartz ile hesaplamal\u0131 sinirbilim, derin \u00f6\u011frenme ve bilgisayarl\u0131 g\u00f6r\u00fc konular\u0131nda \u00e7al\u0131\u015fm\u0131\u015ft\u0131r.\u00a0Bu doktora sonras\u0131 ara\u015ft\u0131rma T\u00dcB\u0130TAK-BIDEB 2219 &#8211; Yurt D\u0131\u015f\u0131 Doktora Sonras\u0131 Ara\u015ft\u0131rma Burs Program\u0131 taraf\u0131ndan desteklenmi\u015ftir. Do\u00e7entlik \u00fcnvan\u0131n\u0131 Eyl\u00fcl 2022&#8217;de alm\u0131\u015ft\u0131r. \u015eu anda <a href=\"https:\/\/mis-iktisat.istanbul.edu.tr\/tr\/_\" target=\"_blank\" rel=\"noreferrer noopener\">\u0130\u00dc \u0130ktisat Fak\u00fcltesi Y\u00f6netim Bili\u015fim Sistemleri B\u00f6l\u00fcm\u00fc<\/a> \u00f6\u011fretim \u00fcyesi olarak \u00e7al\u0131\u015fmaktad\u0131r. Ayn\u0131 zamanda <a href=\"https:\/\/auzef.istanbul.edu.tr\/tr\/content\/web-tasarimi-ve-kodlama-acikogretim-onlisans-programi\/program-hakkinda\" target=\"_blank\" rel=\"noreferrer noopener\">\u0130\u00dc AUZEF Web Tasar\u0131m\u0131 ve Kodlama \u00f6nlisans program\u0131<\/a>n\u0131n koordinat\u00f6rl\u00fc\u011f\u00fcn\u00fc y\u00fcr\u00fctmektedir. T\u00fcrkiye Bili\u015fim Derne\u011fi \u0130stanbul \u015eubesi y\u00f6netim kurulu \u00fcyesidir. Dr. Kartal&#8217;\u0131n temel \u00e7al\u0131\u015fma alanlar\u0131; yapay zek\u00e2, makine \u00f6\u011frenmesi ve veri madencili\u011fidir.<\/p>\n\n\n\n<p>M\u0131s\u0131k ve Si\u015fer ad\u0131nda iki kedisi vard\u0131r.<\/p>\n\n\n\n<p><a href=\"https:\/\/avesis.istanbul.edu.tr\/elifk\">Detayl\u0131 \u00f6zge\u00e7mi\u015f<\/a><\/p>\n","protected":false},"excerpt":{"rendered":"<p>Do\u00e7. Dr. Elif KARTAL, 2008 y\u0131l\u0131nda lisans \u00f6\u011frenimini \u0130stanbul \u00dcniversitesi (\u0130\u00dc) Fen Fak\u00fcltesi Matematik B\u00f6l\u00fcm\u00fc\u2018nde tamamlam\u0131\u015ft\u0131r. Lisans e\u011fitiminin ard\u0131ndan ayn\u0131 y\u0131l \u0130\u00dc Enformatik B\u00f6l\u00fcm\u00fc\u2019nde y\u00fcksek lisansa ba\u015flam\u0131\u015f ve yine ayn\u0131 b\u00f6l\u00fcme Ara\u015ft\u0131rma G\u00f6revlisi olarak kabul edilmi\u015ftir. \u0130\u00dc Enformatik B\u00f6l\u00fcm\u00fc\u2018nde, 2011 y\u0131l\u0131nda \u201cYapay Sinir A\u011flar\u0131 ile Yaz\u0131l\u0131m Projesi Maliyet Tahmini\u201d adl\u0131 teziyle y\u00fcksek lisans\u0131n\u0131, 2015 y\u0131l\u0131nda, [&hellip;]<\/p>\n","protected":false},"author":1,"featured_media":0,"parent":0,"menu_order":0,"comment_status":"closed","ping_status":"open","template":"","meta":{"footnotes":""},"class_list":["post-2","page","type-page","status-publish","hentry"],"_links":{"self":[{"href":"https:\/\/www.elifkartal.com\/index.php\/wp-json\/wp\/v2\/pages\/2","targetHints":{"allow":["GET"]}}],"collection":[{"href":"https:\/\/www.elifkartal.com\/index.php\/wp-json\/wp\/v2\/pages"}],"about":[{"href":"https:\/\/www.elifkartal.com\/index.php\/wp-json\/wp\/v2\/types\/page"}],"author":[{"embeddable":true,"href":"https:\/\/www.elifkartal.com\/index.php\/wp-json\/wp\/v2\/users\/1"}],"replies":[{"embeddable":true,"href":"https:\/\/www.elifkartal.com\/index.php\/wp-json\/wp\/v2\/comments?post=2"}],"version-history":[{"count":12,"href":"https:\/\/www.elifkartal.com\/index.php\/wp-json\/wp\/v2\/pages\/2\/revisions"}],"predecessor-version":[{"id":161,"href":"https:\/\/www.elifkartal.com\/index.php\/wp-json\/wp\/v2\/pages\/2\/revisions\/161"}],"wp:attachment":[{"href":"https:\/\/www.elifkartal.com\/index.php\/wp-json\/wp\/v2\/media?parent=2"}],"curies":[{"name":"wp","href":"https:\/\/api.w.org\/{rel}","templated":true}]}}