{"id":17,"date":"2021-12-27T09:31:23","date_gmt":"2021-12-27T09:31:23","guid":{"rendered":"https:\/\/www.elifkartal.com\/?page_id=17"},"modified":"2024-11-05T14:32:08","modified_gmt":"2024-11-05T14:32:08","slug":"short-bio","status":"publish","type":"page","link":"https:\/\/www.elifkartal.com\/index.php\/short-bio\/","title":{"rendered":"Short Bio"},"content":{"rendered":"<div class=\"wp-block-image is-style-default\">\n<figure class=\"aligncenter size-medium\"><img loading=\"lazy\" decoding=\"async\" width=\"300\" height=\"300\" src=\"https:\/\/www.elifkartal.com\/wp-content\/uploads\/2021\/12\/cropped-elifk_k-1-300x300.png\" alt=\"\" class=\"wp-image-11\" srcset=\"https:\/\/www.elifkartal.com\/wp-content\/uploads\/2021\/12\/cropped-elifk_k-1-300x300.png 300w, https:\/\/www.elifkartal.com\/wp-content\/uploads\/2021\/12\/cropped-elifk_k-1-150x150.png 150w, https:\/\/www.elifkartal.com\/wp-content\/uploads\/2021\/12\/cropped-elifk_k-1-270x270.png 270w, https:\/\/www.elifkartal.com\/wp-content\/uploads\/2021\/12\/cropped-elifk_k-1-192x192.png 192w, https:\/\/www.elifkartal.com\/wp-content\/uploads\/2021\/12\/cropped-elifk_k-1-180x180.png 180w, https:\/\/www.elifkartal.com\/wp-content\/uploads\/2021\/12\/cropped-elifk_k-1-32x32.png 32w, https:\/\/www.elifkartal.com\/wp-content\/uploads\/2021\/12\/cropped-elifk_k-1.png 512w\" sizes=\"auto, (max-width: 300px) 100vw, 300px\" \/><\/figure>\n<\/div>\n\n\n<p><strong>Assoc. Prof. Elif KARTAL<\/strong>\u00a0started her undergraduate education at Istanbul University (IU), Faculty of Science, Department of Mathematics in 2004. In 2008, she started her master\u2019s degree in IU Informatics Department and was accepted to the same department as a Research Assistant. She completed her master\u2019s degree in the IU Informatics Department with her thesis titled \u201c<em><a href=\"https:\/\/www.elifkartal.com\/index.php\/software-project-cost-estimation-with-artificial-neural-networks\/\" target=\"_blank\" rel=\"noreferrer noopener\">Software project cost estimation with artificial neural networks<\/a><\/em>\u201d in 2011, and her doctorate with her thesis titled \u201c<em><a href=\"https:\/\/www.elifkartal.com\/index.php\/machine-learning-techniques-based-on-classification-and-a-study-on-cardiac-risk-assessment\/\" target=\"_blank\" rel=\"noreferrer noopener\">Machine learning techniques based on classification and a study on cardiac risk assessment<\/a><\/em>\u201d in 2015.<\/p>\n\n\n\n<p>In 2013, Dr. Kartal was at Ball State University, Miller College of Business, Information Systems and Operations Management (IN, USA) as a visiting scholar for 2 months. From August 2019 to March 2020, Dr. Kartal was a <a href=\"https:\/\/www.odeliaschwartz.com\/team\" target=\"_blank\" rel=\"noreferrer noopener\">visiting scholar<\/a> at the University of Miami, College of Arts and Sciences, Department of Computer Science (FL, USA), and worked on computational neuroscience, deep learning, and computer vision with Assoc. Prof. Odelia Schwartz (Ph.D.). This postdoctoral research supported by TUBITAK-BIDEB 2219-International Postdoctoral Research Scholarship Program. She received the title of Associate Professor in September 2022.\u00a0She works as a faculty member at the IU Faculty of Economics Department of Management Information Systems. At the same time, she works as the\u00a0coordinator of IU AUZEF&#8217;s Web Design and Development associate degree program.\u00a0She is a board member of the Istanbul Branch of the Turkish Informatics Association. Dr. Kartal&#8217;s main research areas are artificial intelligence, machine learning, and data mining.<\/p>\n\n\n\n<p>She has two cats named M\u0131s\u0131k and Si\u015fer.<\/p>\n\n\n\n<p>Please <a href=\"https:\/\/avesis.istanbul.edu.tr\/elifk\" target=\"_blank\" rel=\"noreferrer noopener\">click here<\/a> for the detailed CV.<\/p>\n\n\n\n<p><\/p>\n","protected":false},"excerpt":{"rendered":"<p>Assoc. Prof. Elif KARTAL\u00a0started her undergraduate education at Istanbul University (IU), Faculty of Science, Department of Mathematics in 2004. In 2008, she started her master\u2019s degree in IU Informatics Department and was accepted to the same department as a Research Assistant. She completed her master\u2019s degree in the IU Informatics Department with her thesis titled [&hellip;]<\/p>\n","protected":false},"author":1,"featured_media":0,"parent":0,"menu_order":0,"comment_status":"closed","ping_status":"closed","template":"","meta":{"footnotes":""},"class_list":["post-17","page","type-page","status-publish","hentry"],"_links":{"self":[{"href":"https:\/\/www.elifkartal.com\/index.php\/wp-json\/wp\/v2\/pages\/17","targetHints":{"allow":["GET"]}}],"collection":[{"href":"https:\/\/www.elifkartal.com\/index.php\/wp-json\/wp\/v2\/pages"}],"about":[{"href":"https:\/\/www.elifkartal.com\/index.php\/wp-json\/wp\/v2\/types\/page"}],"author":[{"embeddable":true,"href":"https:\/\/www.elifkartal.com\/index.php\/wp-json\/wp\/v2\/users\/1"}],"replies":[{"embeddable":true,"href":"https:\/\/www.elifkartal.com\/index.php\/wp-json\/wp\/v2\/comments?post=17"}],"version-history":[{"count":5,"href":"https:\/\/www.elifkartal.com\/index.php\/wp-json\/wp\/v2\/pages\/17\/revisions"}],"predecessor-version":[{"id":113,"href":"https:\/\/www.elifkartal.com\/index.php\/wp-json\/wp\/v2\/pages\/17\/revisions\/113"}],"wp:attachment":[{"href":"https:\/\/www.elifkartal.com\/index.php\/wp-json\/wp\/v2\/media?parent=17"}],"curies":[{"name":"wp","href":"https:\/\/api.w.org\/{rel}","templated":true}]}}